of l?
6
Let d(j) = -928*j + 733. What is the thousands digit of d(-6)?
6
Let c(a) = 34*a - 5*a - 45 - 23*a + a**3 - 59 + 21*a**2. What is the tens digit of c(-20)?
7
Let h(i) = -i**3 + 3*i**2 - 2*i - 1. Let r be h(2). Let o be r*21*138/(-18). Let b = o + -106. What is the units digit of b?
5
What is the units digit of 45/((18/(18 - -6102))/((-1)/(-2)))?
0
Let m(g) = 6*g + 36. Let c be m(-4). Suppose 0 = -2*t + 6 + c. Suppose t*i - 1096 = 5*i. What is the tens digit of i?
7
Suppose -n - 2*t = -7104, -5*t - 38949 + 10546 = -4*n. What is the hundreds digit of n?
1
Let v be (1/(-2))/1*(63 - 18201). Suppose 11*c + 808 = v. What is the hundreds digit of c?
7
Suppose -o - 408 = 285. Let u = 990 + o. What is the units digit of u?
7
Let j(k) = k**2 + 14*k - 12. Let c be j(1). Suppose 0 = -5*v + 7 - 17, -5*v - 3760 = -c*u. What is the tens digit of u?
5
Let t = 29734 + -19384. What is the thousands digit of t?
0
Suppose -4476*q - 3346 = -4478*q. What is the units digit of q?
3
Suppose -6*y + 8 = -52. What is the tens digit of 6568/y*65/26?
4
Suppose -572 = -2*v + 2*q, -5*q + 102 = v - 190. Let s = v - -53. What is the tens digit of s?
4
Suppose 1664*v + 3310496 = 1776*v. What is the thousands digit of v?
9
Let b = -81 - -84. Let a be (b + (-22)/6)/((-1)/3). What is the tens digit of (1 - a - -131) + 2?
3
Let f be (-15)/(-5) - 14/1. Let v(g) = 5*g + 57. Let r be v(f). Suppose -3*l = -j - 4 + 53, 108 = r*j - 4*l. What is the units digit of j?
4
Suppose 59*l - 57*l - 8 = 0. Suppose 4*w - l*j - 1288 = 0, -2*j + j = 2*w - 641. Suppose 47 = 4*t - w. What is the units digit of t?
2
Let a(h) = 2*h + 1. Let k = -52 + 54. Let z be a(k). Let r(t) = -t**3 + 9*t**2 - 8*t - 8. What is the units digit of r(z)?
2
Let q = 6631 + 2777. What is the units digit of q?
8
Let i(o) = 9*o**2 - 21*o + 179. What is the tens digit of i(24)?
5
Suppose 6*m - 3*m - 16 = -2*q, q = -5*m + 22. What is the units digit of (-119085)/(-850) + (q - 1)/(-10)?
0
Suppose 83648 + 12032 = 10*g. What is the tens digit of g?
6
Suppose 189*i + 203*i = 149*i + 10779966. What is the tens digit of i?
6
Let f(x) = x**3 - 3*x**2 + 3*x + 1. Suppose 15*q = -7*q + 176. What is the units digit of f(q)?
5
What is the hundreds digit of ((-507)/(-13))/(18/1968)?
2
Let p be (20/(-6))/(136/(-120) - -1). Suppose 2*k - p*k + 6624 = 0. What is the tens digit of k?
8
Let x(y) be the third derivative of y**5/20 - y**4/24 + y**3/6 - 2*y**2 + 4*y. What is the hundreds digit of x(-6)?
1
Let g(d) be the third derivative of d**8/10080 - 2*d**5/15 + 9*d**2. Let i(z) be the third derivative of g(z). What is the units digit of i(4)?
2
Let f be 1*0/((-2)/2). Let x(r) = r**3 + 11*r**2 - 62*r - 27. Let w be x(-15). Suppose w*n - 540 = -f*n. What is the hundreds digit of n?
1
Suppose 2*r - 3740 = -4*l, 2*l + 2*r = 6*l - 3748. Suppose 6*a - 42 = l. What is the units digit of a?
3
Suppose -186 = k - 6171. What is the tens digit of k?
8
Suppose -5*p - x - 6 = 34, 32 = -p - 5*x. Let n(g) = -5*g**3 - 6*g**2 + 22*g + 1. What is the units digit of n(p)?
8
Suppose 0 = -57*k + 200081 + 1639195. What is the tens digit of k?
6
Let b = 14430 + 20406. What is the tens digit of b?
3
Let a be (-4)/(6 - (-467152)/(-77861)). What is the tens digit of 2/(-6) - a/147?
5
Let x be 3 - 0 - (430 + -11). Let a = -277 - x. What is the units digit of a?
9
Suppose 222*j - 426600 = 177*j. What is the thousands digit of j?
9
Let w(x) = 324*x**2 + 10*x + 5. What is the hundreds digit of w(-4)?
1
Let v(s) = 3 + 39*s**3 - 69*s**3 - 4*s**2 + 10*s**2 + 34*s**3 - 2*s. What is the tens digit of v(4)?
4
Let x(t) = -2*t**3 + t**2 - t. Let r(y) = -54*y**3 + 6*y**2 - 4*y - 2. Let c(z) = r(z) - 3*x(z). What is the hundreds digit of c(-2)?
3
Let s = 138276 + -89106. What is the ten thousands digit of s?
4
Let c(o) = 1 - 1 + o**2 + 4. Suppose 0 = -10*h + 45*h + 105. What is the units digit of c(h)?
3
Suppose 21*q + 4410 = 25*q - 3*q. What is the hundreds digit of q?
4
Let z(d) = 7*d**2 - 21*d - 101. Let h be z(-16). Suppose -4*b = 411 - h. What is the hundreds digit of b?
4
Let x(q) = -q**3 - 7*q**2 - 11*q - 60. Let t be x(-6). What is the tens digit of -207*(t/(-18) - 12/3)?
8
Suppose 3*o = -2658 + 13572. What is the hundreds digit of o?
6
Let p = 7450 + 6557. What is the ten thousands digit of p?
1
Let b(y) = -y**3 + 17*y**2 + 38*y + 31. Let l be b(19). Suppose -27*i - 348 = -l*i. What is the units digit of i?
7
Suppose 146 = -6*i + 104. Let u(p) = -p**3 - p + 10. What is the tens digit of u(i)?
6
Suppose 77*w - 22*w = -23*w + 1813188. What is the ten thousands digit of w?
2
Let o(c) = 470*c - 255. Let x be o(17). Suppose -163*b + 176*b - x = 0. What is the hundreds digit of b?
5
Let f = 7843 + -312. What is the hundreds digit of f?
5
Let d = 38 - 30. Suppose 2*z - 5*b = 1194, d*b - 11*b = -z + 597. What is the tens digit of z?
9
Suppose 167*i - 2756922 = 44*i. What is the units digit of i?
4
Suppose -a - 106 = -2*v + 291, -4*a + 590 = 3*v. Suppose 3*f - 188 = 2*i, 56 = 4*f - 2*i - v. What is the units digit of f?
6
Let q(r) = 3*r**2 - 27*r + 7. Let x be q(11). Let z = x + 77. Let h = z + 9. What is the tens digit of h?
5
Let f be -14*((-95)/10 - -4). What is the thousands digit of 33/f - 25558/(-14)?
1
Let c be (-30)/24*-4 + -2. Suppose 18*p + l = 21*p - 1314, 0 = c*l. What is the hundreds digit of p?
4
Let q = 7058 - -2761. What is the hundreds digit of q?
8
What is the ten thousands digit of (-4)/(432/(-2563172)) - (-214)/(-2889)?
2
Suppose -5*n - 5419 = -r, 3*r + 3*n - 7020 = 9237. What is the tens digit of r?
1
What is the hundreds digit of 110/(-22) + 5623/4 + 2/8?
4
Let a(h) = -h**2 + 19*h - 76. Let t be a(13). Suppose y - 43 = t*c - 5*c, -129 = -3*y + 3*c. What is the units digit of y?
3
Let a be (-13)/((-65)/(-155))*-3*1. Suppose -2791 = -7*o + a. What is the units digit of o?
2
Suppose -8*y - 17594 = -449*n + 447*n, -5*y + 26340 = 3*n. What is the units digit of n?
5
What is the tens digit of 35/175 + (-13864)/(-5) - 3?
7
Suppose -2*i = z - 12780, -892*z + 891*z + 4*i + 12750 = 0. What is the hundreds digit of z?
7
Suppose 5*o + 4*k = -918, -2*o + o + 2*k - 192 = 0. Let z = -97 - o. What is the tens digit of z?
8
Suppose 0*n + 6*n = -7*n + 91. Let s(d) = 15 + 6*d - 5 + 3*d - d**2. What is the units digit of s(n)?
4
Let s = -221 + 372. Let y = 67 - 63. Suppose 3*l = -4*f - 23 + 162, -y*f = -l - s. What is the units digit of f?
7
Let y = -46 - -58. Let w be 22/8 + (-8)/(128/y). Let p(m) = 7*m**3 - 2*m**2 - 1. What is the units digit of p(w)?
7
What is the hundreds digit of (-5940)/(-9)*(-136)/34*(-1)/6?
4
Let p(h) = -h**3 + 15*h**2 - 23*h - 36. Let m be p(13). What is the tens digit of 5*(-20)/(-25) + 137 + m?
4
What is the hundreds digit of 3/(-1) + 6 - (-4964 - (-209)/19)?
9
Suppose -3*r = 6*s - 3*s + 492, -5*s = 3*r + 484. Let j = r - -264. Suppose 0 = 15*y - 1596 + j. What is the hundreds digit of y?
1
Suppose -265*i + 262*i + 67090 = -2*y, -i - 5*y = -22403. What is the thousands digit of i?
2
Let r be (-2 - 26/(-6))/((-16)/48). What is the units digit of (-4192)/r + (-12)/(-84)?
9
Let j be 15/(630/58476) + (-2)/7. Let p = 2008 - j. What is the hundreds digit of p?
6
Let r(k) = 742*k**2 - 14*k - 12. What is the hundreds digit of r(-8)?
5
Suppose 0 = 67*v - 65*v + 4*s - 77362, v - s - 38681 = 0. What is the hundreds digit of v?
6
Suppose -9 + 60 = 3*t. Suppose -263 = -m + 5*b, 0 = 13*m - t*m - 5*b + 1102. What is the units digit of m?
3
Let b = 25 + -6. Let c = 18 + b. Let p = 43 - c. What is the units digit of p?
6
Let w(c) = -c**3 + c**2 - 5*c - 5. Let p be w(-2). Suppose 5*m = o - 21, -3*o - 3*m = 2*m + p. What is the tens digit of ((-11)/(-4))/(o/32)?
8
Let b(v) = -5*v - 40. Let l be b(-24). Let w be 0 + (-1)/(-4) + 140/l. What is the tens digit of (w - -2) + -2 + 88/2?
4
Let t = 35 - 11. Suppose 10 = -6*w + w. Let d = w + t. What is the tens digit of d?
2
Let c be (0 - -2977)*-2 - (-12 - -9). What is the tens digit of (c/(-22))/(4/8)?
4
Suppose 8*q - 13*q = -2*x + 880, -4*x - 5*q = -1700. Let r = x - 104. What is the tens digit of r?
2
Let y = 231 + -234. Let h(i) = -14*i**3 + i**2 + 5*i + 15. What is the units digit of h(y)?
7
What is the ten thousands digit of (5 - 5) + ((-36)/(-15))/((-48)/(-682880))?
3
What is the tens digit of ((-86849)/76 + -